 x = 15 - c. What is the remainder when x is divided by b?
7
Suppose -14*k = -13*k - 123. Calculate the remainder when k is divided by 25.
23
Suppose -3*y + 7*y = 244. Calculate the remainder when y is divided by 16.
13
Let j = -24 - 20. Calculate the remainder when j/16*-2*6 is divided by 9.
6
Suppose -4*v + 8 = 0, -4*r + 4*v = -v + 18. Let b be (-4 - -2)*(-3)/r. Calculate the remainder when 20 is divided by 34/3 + 1/b.
9
Let m(n) = n - 1. Let v be m(8). Suppose 3 + v = 2*s. Calculate the remainder when 8 is divided by s.
3
Suppose -7*o + 3*o = -236. Let u = 103 - o. Calculate the remainder when u is divided by (-1)/4 + (-366)/(-24).
14
Suppose 0 = -4*h - 68 - 48. Let f = 45 + h. What is the remainder when 46 is divided by f?
14
Suppose -5*k - 20 = 2*r, -4*k - 32 = -2*k - 4*r. Let p be -1 + 1 + (-7 - k). Calculate the remainder when 28/p*1*-1 is divided by 10.
8
Suppose 4 = -2*q - 0. Let k = -7 + 42. Calculate the remainder when k is divided by ((-2)/3)/(q/36).
11
Suppose 2*p = 6 + 14. Let n(u) = -4*u - 3. Let w be n(-2). Suppose -11 = -w*d + 9. Calculate the remainder when p is divided by d.
2
Suppose 2*m - 3*m = 7. Let k(u) = u**3 + 7*u**2 - 3*u + 10. Calculate the remainder when k(m) is divided by 16.
15
Suppose -v - f = -17, 0 = 5*v - 2*f - f - 101. Calculate the remainder when 112 is divided by v.
17
Let q(x) = 5*x + 7. What is the remainder when 61 is divided by q(5)?
29
Let k(t) = t**2 + 11*t + 7. Let p be k(-11). Let q(f) = 5*f - 1. What is the remainder when q(p) is divided by 18?
16
Suppose -s - 3*d + 0 = 4, -3*s - 38 = -4*d. What is the remainder when 9/(-6) + (-95)/s is divided by 3?
2
Suppose -5*i = 19 - 4. Let n(y) = -y + 4. What is the remainder when 27 is divided by n(i)?
6
Suppose -4 = -2*z - 2*z. Let u(o) = 2*o + 1. Let w be u(z). Let g = 39 - w. What is the remainder when g is divided by 19?
17
Calculate the remainder when 954/10 + (-8)/20 is divided by 14.
11
Let g(n) = n**3 + 2*n**2 - n + 11. What is the remainder when g(0) is divided by 4?
3
Let j(w) = -w - 1. Let i = 0 - 3. Let n be j(i). Suppose 7*d = n*d + 65. Calculate the remainder when 37 is divided by d.
11
Let u = 32 - 19. What is the remainder when 49 is divided by u?
10
Suppose -5*f - 7 = -2. Suppose -3*i + 25 = z, 0*z + 5 = 2*i + 3*z. Calculate the remainder when 1/f*(-30 + 1) is divided by i.
9
What is the remainder when 0 + (4 - -26) + 4 is divided by 13?
8
Suppose 20 = 6*b - 4*b. Let l(d) = d - 1. Calculate the remainder when l(19) is divided by b.
8
Suppose 2*n - 6 = 4*v - 4, -3*n + 4 = -5*v. What is the remainder when 11 is divided by n?
2
Let v(a) = -a**2 + 8*a - 9. Calculate the remainder when v(6) is divided by 2.
1
Let w be (2 + -2)/((-1)/1). Suppose w*j = -j + 11. Let d = 51 + -20. Calculate the remainder when d is divided by j.
9
Let r(z) = -4*z - 21. What is the remainder when r(-10) is divided by 4?
3
Suppose 0 = x - 3*o - 15, x - 5*o = 5*x + 25. Suppose x*k - 2*v = -5*k + 33, -2*k + 4*v + 26 = 0. What is the remainder when k is divided by 4?
1
Let p be (-21)/(-2) + (-12)/8. Suppose -3*d + 3*g + 9 = 0, 0*d - d - p = 2*g. What is the remainder when d/5 + 288/15 is divided by 7?
5
Let v = 15 + -4. Let y = -12 - -43. Calculate the remainder when y is divided by v.
9
Let m(b) = b**2 - 2. Let a be m(7). Suppose 4*c + 101 = 5*r, -4*c + 22 + a = 5*r. Calculate the remainder when r is divided by 5.
2
Let z(k) = -21*k**3 - 2*k - 1. Let l = 94 - 86. Calculate the remainder when z(-1) is divided by l.
6
Let p(w) = 2*w**2 + w - 2. Suppose l + 4*b = -3, -l - l = -2*b + 6. Let v(y) = -2*y**3 - y**2 + 3*y + 2. What is the remainder when v(l) is divided by p(-3)?
12
Let w(v) = -v**3 + 7*v**2 - 7*v - 1. Calculate the remainder when 55 is divided by w(5).
13
Let t = -7 + 23. Suppose -3*p = -2*p - t. What is the remainder when 47 is divided by p?
15
Suppose -4*s + 59 + 4 = j, -3*s - 2*j + 51 = 0. What is the remainder when s is divided by (16/(-6))/((-1)/3)?
7
Suppose 0 = -0*q + 4*q - 8. Suppose -4 - 2 = -q*y. Suppose 5*v + 15 = -y*p + 8*p, 2*p + 4*v = 0. What is the remainder when p is divided by 1?
0
Suppose -50 - 19 = -3*i + 3*y, 0 = -2*i - 3*y + 66. Calculate the remainder when 107 is divided by i.
26
Let i(o) = 3*o + 10. Let m(h) = h**2 + 15*h - 5. Calculate the remainder when i(7) is divided by m(-16).
9
Suppose g + 3*g = 112. What is the remainder when 111 is divided by g?
27
Let c(h) = 2*h - 5. Let i be (16/(-5))/(2/(-10)). Suppose -i = 2*s - 7*s - z, 5*s + 3*z - 18 = 0. What is the remainder when c(6) is divided by s?
1
Let y = 30 + -11. What is the remainder when y is divided by (1*-1)/(7/(-35))?
4
Let g = -81 + 120. Calculate the remainder when g is divided by 20.
19
Let q(v) = -4*v - 5. Let s = 2 + 2. Suppose -t + 145 = s*t. Calculate the remainder when t is divided by q(-5).
14
Suppose 0 = 3*l + 3*n - 60, -n - 2*n = -6. Calculate the remainder when 34 is divided by l.
16
Suppose 3*i + 4*o = 25, -5*i - 1 = -2*o - 2*o. Calculate the remainder when 6 is divided by ((-2)/i)/((-2)/12).
2
Let i(v) be the third derivative of 7*v**5/60 + v**4/24 + 2*v**2. Let x be i(-1). Calculate the remainder when x/(-3)*(-22)/4 is divided by 6.
5
Let f(l) = -l - 2. Let b be f(-5). Let i be b*(1 - (-6)/9). Let g(m) = -m**2 + 6*m - 4. What is the remainder when 2 is divided by g(i)?
0
Let a = -143 + 164. What is the remainder when a is divided by 7?
0
Let d = -2 + 16. Let g be (-173)/(-7) + (-2)/(-7). Suppose 0*r = 5*r - g. What is the remainder when d is divided by r?
4
Let i = 124 + -101. Calculate the remainder when 44 is divided by i.
21
What is the remainder when 71 is divided by 18/(-153) + (-308)/(-17)?
17
Let j(o) = -o**3 + 5*o**2 + 2*o + 6. Let s(n) = -7 + 7 - n**3 - 1 - 4*n + 5*n**2. Let d be s(3). What is the remainder when j(d) is divided by 6?
4
Let r = -29 - -56. Suppose 3*y - 4*y = -1. Calculate the remainder when r is divided by 11 + y + 3 + -1.
13
Let p = -106 - -114. Calculate the remainder when 35 is divided by p.
3
Let o be (2 + 6/(-4))*2. Suppose -2*b = -b - o. What is the remainder when ((-14)/10)/(b/(-5)) is divided by 3?
1
Let k be 561/(-27) - 4/18. Let a be (-1)/3 + (-49)/k. Suppose 0 = 2*m + a*m - 64. What is the remainder when 30 is divided by m?
14
Let r be (-48)/(-21) - (-6)/(-21). Suppose 7*c - 20 = r*c. What is the remainder when 15 is divided by c?
3
Let m = 1 - -3. Suppose m*c - 57 = c. Calculate the remainder when c is divided by 11.
8
Let p = 4 + 3. Suppose d = 30 + p. What is the remainder when d is divided by 10?
7
Let p(n) = n**3 + 9*n**2 + 4. Let f be p(-9). Suppose 0 = 2*g + g - f*x - 61, 2*x + 83 = 5*g. Let u = -15 - -43. Calculate the remainder when u is divided by g.
13
Calculate the remainder when 33 is divided by 105/12 + 2/8.
6
Suppose 110 = 5*g - n - 39, 3*n + 12 = 0. Let s = 14 + -4. What is the remainder when g is divided by s?
9
Suppose 55 = j + 2*m, m + 261 = 5*j - 3*m. Calculate the remainder when j is divided by 14.
11
Let p(v) = -v + 15. What is the remainder when 21 is divided by p(10)?
1
Suppose -4*f - 20 = -0*f. Let w(r) = -4*r**3 + 3*r**2 - 2*r - 1. Let s be w(2). Let m = f - s. What is the remainder when m is divided by 7?
6
Let n(g) = 15*g**2 + 2*g + 1. Let w be (2/(-8))/(2/8). What is the remainder when 55 is divided by n(w)?
13
Let z = 11 + 1. What is the remainder when (3/2)/((-12)/(-272)) is divided by z?
10
Let l(y) = y**2 - 10*y + 11. Let c(m) = -m**3 - m**2 + 3*m + 1. Suppose -6 = -q + 3*q. Let s be c(q). What is the remainder when 21 is divided by l(s)?
10
Let a(w) = 14*w**3 - 2*w**2 + w. What is the remainder when 24 is divided by a(1)?
11
Suppose 5*l = -5*w + 75, -2*l - 4*w + 42 = w. What is the remainder when 41 is divided by l?
8
Calculate the remainder when ((-63)/(-6))/((-3)/(-6)) is divided by 8.
5
Suppose -4 = 4*d, -5*v + d - 70 = -201. Let u be 18/(-3 - (-10)/2). Suppose 0 = y - 2*y + u. What is the remainder when v is divided by y?
8
Let l = 103 - 44. Calculate the remainder when l is divided by 12.
11
Let u = 72 + 37. What is the remainder when u is divided by 28?
25
What is the remainder when (-2)/6 - 1240/(-30) is divided by 22?
19
Suppose -5*o = -4*d + 68, -4*d - o + 51 = -d. Suppose -3*t + 7 = -d. What is the remainder when 15 is divided by t?
7
Suppose 7*w - 8*w = 0. Let f be 5*-4*1/(-5). 